-i**3 - 90*i**2 + 202*i + 10016. Calculate r(-91).
-85
Let y(v) = -340*v - 4809. What is y(-14)?
-49
Let a(n) = -3*n**3 - 505*n**2 - 173*n - 306. What is a(-168)?
534
Let o(c) = -c**2 + 1395*c + 51522. What is o(-36)?
6
Let m(a) = -3*a**3 + 34*a**2 + 10109*a + 193. Calculate m(64).
1
Let q(x) = 9*x**3 - 17*x**2 + 71*x + 30. Calculate q(7).
2781
Let q(h) = 152*h + 30408. What is q(-201)?
-144
Let o(z) = 322*z**3 - z**2 + 19*z + 271. Determine o(0).
271
Let x(b) = -b**3 + 40*b**2 - 26*b - 855. Give x(38).
1045
Let x(o) = -2*o**2 - 178*o + 629. Determine x(-92).
77
Let b(o) = o**3 + 126*o**2 - 2599*o + 135. Determine b(18).
9
Let o(s) = -5*s**3 - 320*s**2 + 239*s + 81. Determine o(1).
-5
Let u(x) = 2067*x + 198314. Calculate u(-96).
-118
Let n(r) = -4*r**2 - 1710*r - 100683. Give n(-357).
-9
Let k(f) = f**3 - 5*f**2 - 7168*f - 28543. Give k(-4).
-15
Let y(l) = 52650*l - 263258. Give y(5).
-8
Let a(b) = -b**2 + 4321*b - 17308. What is a(4)?
-40
Let r(p) = 5*p**3 + 100*p**2 + 445*p - 74. Calculate r(-7).
-4
Let o(f) = 427*f + 2494. Determine o(-8).
-922
Let c(k) = 4*k**3 + 2841*k**2 + 907*k + 139883. Give c(-710).
13
Let t(s) = -2065*s - 43027. Give t(-20).
-1727
Let n(o) = 42702*o - 30. Give n(0).
-30
Let n(y) = 265*y**2 + 1323*y - 31. Calculate n(-5).
-21
Let i(v) = -5*v**3 - 201*v**2 - 32*v + 485. Give i(-40).
165
Let f(w) = -w**3 + 60*w**2 + 230*w + 680. What is f(63)?
3263
Let z(k) = 523*k + 2519. Determine z(-5).
-96
Let n(o) = 2*o**3 + 58*o**2 - 117*o - 22. What is n(-31)?
-239
Let k(u) = -u**2 - 140*u - 1373. Give k(-14).
391
Let y(x) = 19250*x**2 - 96239*x - 51. What is y(5)?
4
Let n(y) = -6*y**2 - 1604*y - 87231. Give n(-76).
17
Let j(x) = -x**3 - 9*x**2 + 432*x + 22. Calculate j(16).
534
Let z(u) = 18181*u + 1708868. Give z(-94).
-146
Let i(u) = -2*u**3 - 554*u**2 - 1. What is i(-277)?
-1
Let v(r) = -844*r + 74154. Give v(88).
-118
Let r(x) = 4*x**2 - 212*x + 87. Determine r(53).
87
Let d(h) = 3*h**3 - 16*h**2 - 4024*h - 386. Give d(-34).
22
Let j(s) = 7654*s + 38630. What is j(-5)?
360
Let h(m) = 76*m + 311. Give h(9).
995
Let p(j) = 27334*j - 54681. What is p(2)?
-13
Let a(w) = -1505*w + 6969. Determine a(8).
-5071
Let o(h) = -108*h**2 - 5940*h - 5828. Give o(-54).
4
Let s(j) = 2968*j - 2685. Determine s(0).
-2685
Let n(g) = g**2 - 1104*g + 133314. What is n(138)?
6
Let f(v) = 23223*v + 46326. Determine f(-2).
-120
Let l(f) = -4*f**3 + 14*f**2 + 9*f - 38. Calculate l(6).
-344
Let m(p) = 3*p**3 - 97*p**2 + 667*p + 764. Give m(22).
434
Let z(r) = -2*r**2 + 1427*r + 186. Give z(0).
186
Let q(d) = d**2 + 1404*d + 93462. Give q(-70).
82
Let q(t) = -16*t**2 - 13160*t + 19787. What is q(-824)?
11
Let i(c) = 5*c**3 - 39*c**2 + 37*c - 19. What is i(7)?
44
Let q(y) = -1506*y**2 + 75304*y - 205. Calculate q(50).
-5
Let h(t) = 89021*t - 89021. Determine h(1).
0
Let b(o) = 5*o**3 - 4*o**2 - 6*o - 24. Determine b(-3).
-177
Let r(n) = 6*n**3 + 23*n**2 - 19*n + 33. Determine r(-5).
-47
Let m(h) = 2*h**2 + 409*h - 3839. What is m(9)?
4
Let r(a) = -a**2 - 1205*a - 210504. What is r(-212)?
12
Let p(h) = -32*h**3 - 72*h**2 - 35*h + 36. Determine p(-1).
31
Let c(d) = 94375*d - 755009. Determine c(8).
-9
Let g(l) = -39*l**2 + 128*l + 251. Give g(-5).
-1364
Let k(u) = 5*u**2 - 501*u + 8023. Determine k(20).
3
Let i(t) = 516544*t + 3099259. What is i(-6)?
-5
Let v(o) = -94*o + 10726. Determine v(143).
-2716
Let y(m) = 34710*m - 69424. Give y(2).
-4
Let m(j) = -2*j**2 + 433*j + 29852. Determine m(-55).
-13
Let o(w) = 852*w + 4270. Give o(-5).
10
Let b(l) = -3*l**3 - 55*l**2 + 391*l + 7344. Give b(-18).
-18
Let s(x) = -51144*x + 255721. Calculate s(5).
1
Let a(l) = 51*l**2 + 78*l + 104. What is a(-2)?
152
Let b(k) = 7212*k**2 + 68. Calculate b(0).
68
Let d(k) = -34*k**3 + 77*k**2 - 414*k - 69. Calculate d(6).
-7125
Let g(r) = 257*r**2 + 24*r + 59. Determine g(-2).
1039
Let l(n) = n**2 - 8180*n + 114318. Give l(14).
-6
Let d(q) = -39144*q + 234815. What is d(6)?
-49
Let o(m) = -546*m - 444. Calculate o(-3).
1194
Let u(t) = 78*t**2 - 511*t - 28. Determine u(7).
217
Let h(d) = -1593*d + 344. Calculate h(0).
344
Let u(y) = 3*y**2 - 5430*y - 27196. Calculate u(-5).
29
Let o(p) = 9050*p - 172506. Determine o(19).
-556
Let v(x) = -36425*x - 2149091. What is v(-59)?
-16
Let o(h) = -2*h**2 - 143*h + 5973. Give o(29).
144
Let f(r) = 3*r**2 + 2180*r - 107422. What is f(-773)?
25
Let a(i) = -i**2 + 33*i - 300. Give a(15).
-30
Let n(t) = -483*t + 13696. What is n(30)?
-794
Let z(u) = -3*u**2 + 486*u - 11709. Calculate z(28).
-453
Let t(m) = 394*m + 470032. What is t(-1193)?
-10
Let u(j) = -j**3 + 80*j**2 - 256*j + 202. What is u(2)?
2
Let s(q) = q**2 - 36*q - 1220. Give s(52).
-388
Let v(k) = -54*k**3 + 3*k**2 + 143*k - 313. Calculate v(2).
-447
Let f(h) = -832*h - 110439. Give f(-133).
217
Let u(t) = 1059*t - 228753. Calculate u(216).
-9
Let p(t) = 11*t**3 + 5*t**2 - 52*t + 41. Give p(7).
3695
Let f(s) = 64*s**2 + 1326*s + 4138. Determine f(-17).
92
Let a(l) = -l**2 - 3757*l + 1104497. Give a(274).
3
Let c(k) = -22262*k + 1380222. What is c(62)?
-22
Let y(o) = -o**3 + 35*o**2 - 127*o - 914. What is y(25)?
2161
Let y(o) = 6*o**2 - 109*o - 225. Give y(17).
-344
Let j(c) = -27*c**2 - 5070*c + 180. What is j(-189)?
-6057
Let y(i) = 1731*i + 154274. Calculate y(-90).
-1516
Let w(z) = -60611*z - 242434. What is w(-4)?
10
Let z(x) = 12859*x + 540211. Calculate z(-42).
133
Let w(z) = 1311*z**2 + 7871*z + 50. What is w(-6)?
20
Let t(x) = 4231*x**2 + 80388*x - 16. Give t(-19).
3
Let p(z) = -9364*z + 32. Determine p(0).
32
Let c(q) = -23*q**2 - 5*q + 77. Calculate c(5).
-523
Let d(c) = c**2 + 424*c + 26362. Determine d(-75).
187
Let h(f) = -6*f**2 - 775*f + 2788. What is h(-133)?
-271
Let q(b) = 516*b**2 - 107*b + 28. Give q(2).
1878
Let p(s) = -251545*s - 13834987. Give p(-55).
-12
Let q(z) = -90298*z + 451639. Give q(5).
149
Let m(d) = -7*d**2 + 107*d + 822. What is m(21)?
-18
Let n(k) = 23*k**2 + 271*k + 1081. What is n(-4)?
365
Let v(u) = 5*u**2 + 674*u + 16134. Determine v(-31).
45
Let n(l) = l**3 + 73*l**2 + 1248*l - 445. Determine n(-45).
95
Let t(x) = 694*x - 62345. Give t(91).
809
Let j(i) = -i**3 - 63*i**2 + 68*i + 8104. Calculate j(-62).
44
Let k(s) = -125*s + 6055. Calculate k(23).
3180
Let f(w) = -w**3 + 26*w**2 + 38*w - 2508. Determine f(23).
-47
Let d(v) = 5428*v + 1709847. Give d(-315).
27
Let p(m) = 9089*m + 135956. Determine p(-15).
-379
Let g(a) = -24717*a + 147908. Determine g(6).
-394
Let s(i) = 3921*i + 921412. What is s(-235)?
-23
Let z(a) = 390887*a - 3127119. What is z(8)?
-23
Let j(a) = -16*a**2 - 2149*a + 5890. Calculate j(-137).
-1
Let u(m) = 2*m**3 + 37*m**2 + 189*m + 4819. Calculate u(-21).
-1355
Let h(i) = -392*i**3 - 1581*i**2 + 13*i + 67. Determine h(-4).
-193
Let k(n) = -10*n**2 - 285*n - 1666. Give k(-5).
-491
Let q(a) = 3*a**2 - 4476*a + 13374. Give q(3).
-27
Let c(x) = 5*x**2 - 4906*x - 39207. Determine c(-8).
361
Let f(p) = 15354*p + 261010. Give f(-17).
-8
Let c(j) = 6*j**3 - 656*j**2 + 3837*j - 726. What is c(6)?
-24
Let v(i) = -2*i**3 + 18*i**2 + 9945*i - 99258. Determine v(10).
-8
Let k(b) = 685*b - 2020. Determine k(3).
35
Let t(r) = -808*r + 229470. Determine t(284).
-2
Let c(t) = -2*t**2 + 30*t - 218. What is c(7)?
-106
Let b(n) = -230*n**2 + 1484*n - 4441. Determine b(3).
-2059
Let s(t) = t**3 - 330*t**2 + 10061*t + 712. Give s(296).
-176
Let p(a) = 4877*a**2 + 4588*a - 289. Give p(-1).
0
Let k(m) = 737*m**2 - 763*m - 1. What is k(1)?
-27
Let p(k) = 2*k**2 + 81*k - 17824. Determine p(-117).
77
Let u(z) = -49*z**2 + 2605*z - 2102. What is u(52)?
862
Let m(f) = -46*f**2 + 327*f + 1656. Calculate m(-5).
-1129
Let b(y) = -28*y**2 + 15*y - 249. What is b(7)?
-1516
Let v(d) = d**2 + 917*d - 49440. Give v(52).
948
Let q(a) = -1963*a**2 + 111893*a - 105. Calculate q(57).
9
Let h(d) = 12*d**2 + 791*d + 704. Determine h(-65).
-11
Let v(s) = -s**2 - 76*s + 1567. What is v(17)?
-14
Let c(j) = -j**3 + 123*j**2 + 641*j - 111. What is c(128)?
17
Let a(i) = 68*i**2 + 650*i - 189. Give a(-10).
111
Let d(s) = s**3 - 12*s**2 - 22*s + 7. Calculate d(17).
1078
Let f(q) = q**3 + 34*q**2 - 20*q - 484. Calculate f(-11).
2519
Let u(d) = 563*d + 4528. Calculate u(-9).
-539
Let r(m) = -128*m + 8604. Calculate r(73).
-740
Let k(x) = -328291*x - 2626328. Determi